pose -869 = 7*b + 2218. Let u = b + 942. List the prime factors of u.
3, 167
Suppose -5*q + 20 = 0, 2*o - 3*q + 18 = 4*o. Suppose -o*p + 22 = 7. Suppose -274 = p*d - 679. List the prime factors of d.
3
Suppose -2*j - 2*k = -3*k - 9, -2*j = 2*k. Let p(a) = 22*a**3 + 8*a - 3. List the prime factors of p(j).
3, 5, 41
Suppose 5*w + v = 96 + 88, -2*v = 5*w - 188. List the prime factors of 32/(-72) + 28672/w.
2, 199
Suppose 2*i = 3*b, 3*b - 16 = -3*i + 14. Let r be ((-4)/i)/(9/((-405)/10)). Suppose -65 = -5*p + r*y, -48 = -4*p - 3*y + 31. What are the prime factors of p?
2
Suppose 508*t - 504*t - 7752 = 0. What are the prime factors of t?
2, 3, 17, 19
Let r = -1 - -25. Suppose -3*c = 3*p + 144, -r = 5*c - 4. Let i = p - -87. List the prime factors of i.
43
Suppose 0 = 14*h + 9*h - 69. Let j(n) = -n**2 - 6*n - 6. Let q be j(-4). Suppose -2*g = 3*g + q*u - 755, -h*u + 151 = g. List the prime factors of g.
151
List the prime factors of 9693 + -3 - (-15 - -27).
2, 3, 1613
Let y = -37056 + 41809. List the prime factors of y.
7, 97
Let u = 42742 - 5325. List the prime factors of u.
17, 31, 71
Let m be (-30)/(-165) + 3744/(-22). What are the prime factors of m/(-30) - (-6)/(-9)?
5
Let y = 21581 - 15179. Suppose -3090 = -14*d + y. What are the prime factors of d?
2, 3, 113
Let p be (4 + 1)/(2 + (-2362)/1182). Suppose -158*l - p = -163*l. What are the prime factors of l?
3, 197
Let u = 237 + -432. Let x = u + 90. List the prime factors of (-42)/x*(59 + 1).
2, 3
Suppose -5*b = -n - 151, 3*b - 3*n + 37 = 118. Let t = -31 + b. Suppose v - 5*v + 36 = t. List the prime factors of v.
3
Suppose -9*d = 135*d - 5851728. What are the prime factors of d?
40637
Suppose 0 = -250*i + 284*i - 374204. List the prime factors of i.
2, 5503
Let z(l) = 69*l - 35. Let q be z(5). Suppose -p = -4*r - 473, -p + 2*r + 171 = -q. List the prime factors of p.
3, 163
Let t = -4955 + 8643. Suppose 2*k + 6*k = t. List the prime factors of k.
461
List the prime factors of 22551*(-4)/21*(-2)/4*7.
2, 7517
What are the prime factors of 6621 + 2/(26/117)?
2, 3, 5, 13, 17
Suppose 7*x - 294 = -287. Let o(k) = 121*k**2 - 5*k - 1. What are the prime factors of o(x)?
5, 23
Suppose -2*x + 36583 = 5*v, 7*x - 10*x + 2*v = -54808. What are the prime factors of x?
2, 9137
Let l = -13686 + 18605. What are the prime factors of l?
4919
Let t(h) = 653*h**3 - h**2 + 133*h - 580. What are the prime factors of t(5)?
5, 17, 31
Let i(v) = v**2 - 1. Let s(n) = -4*n - 6. Let b be s(-2). Suppose 2*u + b*u = -36. List the prime factors of i(u).
2, 5
Suppose 5795 = j + s, -3*j + 7661 = 5*s - 9732. List the prime factors of j.
5791
Suppose -17859*k + 17904*k = 801360. What are the prime factors of k?
2, 3, 7, 53
Suppose -h - 2*h = -15, 119532 = 3*u - 3*h. List the prime factors of u.
3, 37, 359
Let i = -11583 + 20514. What are the prime factors of i?
3, 13, 229
Let s(b) = 45*b**3 - 23*b**3 + 106 + 25*b - 104 - 23*b**3 + 6*b**2. Suppose 0 = 3*y - 6, 2*h + 4*y - 16 = h. List the prime factors of s(h).
2, 37
Suppose -2*s - 32 = -4*s. Suppose s*f = 22*f - 2700. What are the prime factors of f?
2, 3, 5
Let n(k) = 3*k - 114*k**2 - 138*k**2 - 850*k**3 + 257*k**2 - 2. List the prime factors of n(-1).
2, 5, 17
Let f = -64 + 69. Suppose j - 3*b + 238 = 0, b = -8*j + f*j - 734. Let q = -119 - j. List the prime factors of q.
5
Let x(t) = -2392*t + 172. What are the prime factors of x(-2)?
2, 3, 7, 59
Suppose -110*u = -37*u - 423619. List the prime factors of u.
7, 829
Let z(x) = -11*x**2 - 6*x - 11. Let l be z(-2). Let h = l + 114. Suppose -h*f = -69*f - 526. List the prime factors of f.
263
Let g(n) = 5*n**2 + 2*n + 4. Suppose -3*p = 4*h + 49, -6*p + 2*p = -2*h + 102. Let k = p - -19. List the prime factors of g(k).
2, 19
Let w be (-1)/(((-12)/32)/3). Suppose -w*o - 6 = -5*o. Let u(p) = -37*p - 9. What are the prime factors of u(o)?
5, 13
Let m(r) = 893*r - 666. List the prime factors of m(3).
3, 11, 61
Suppose -21*l = -195247 - 458168. List the prime factors of l.
5, 7, 127
Suppose -k + 3*l = -1652, -13*l - 1624 = -k - 17*l. What are the prime factors of k?
2, 5, 41
List the prime factors of 154863/30 - 50/500.
2, 29, 89
Let t = -23 - -28. Suppose t*p - 16 = -2*d + 30, 3*d - 4*p - 46 = 0. Suppose 0 = 13*w - d*w + 350. List the prime factors of w.
2, 5, 7
Let z = 12051 + 8183. What are the prime factors of z?
2, 67, 151
Let q be -9*((-19)/(-3) - 1). Suppose -313*d + 11446 + 25850 = -14975. Let o = d + q. What are the prime factors of o?
7, 17
Suppose -11*x + 25 - 509 = 0. What are the prime factors of (4983/x - 0)/((-3)/32)?
2, 151
Let p(x) = -17*x**2 + 1798*x - 219. List the prime factors of p(52).
47309
Let g(q) = q**2 - 25*q - 25. Let v be g(25). Let o = -20 - v. Suppose 20 = z + 3*t - 4*t, -64 = -o*z - 4*t. List the prime factors of z.
2
Suppose -5*q + 4*w = -19773 - 14141, -27124 = -4*q + 5*w. List the prime factors of q.
2, 3, 13, 29
Let o(w) = 334*w**2 - 164*w - 36. What are the prime factors of o(-5)?
2, 4567
Suppose -24 = 2*a - 8*a. Suppose -a*n + 1276 = -716. List the prime factors of n.
2, 3, 83
Let i(x) = x**2 + 18*x + 34. Let n be i(-16). List the prime factors of -1 + n + -2 - -1228.
3, 409
Suppose -84 = m - 22*m. Suppose 0*r = -r - 2, -m*y + 5*r = -862. What are the prime factors of y?
3, 71
Let z(g) = 12*g**2 - 37*g + 295. List the prime factors of z(21).
2, 5, 13, 37
Let w(k) = -4*k**2 + 3*k + 9*k - 4 + 7 - 4*k**3 - 5*k. List the prime factors of w(-3).
2, 3
Suppose -110*q + 1372103 + 146667 = 0. What are the prime factors of q?
13807
Let t(o) = -o**2 - 30*o - 197. Let z be t(-20). Suppose 0*g = -z*j - 3*g + 2943, -j - 3*g + 983 = 0. What are the prime factors of j?
2, 5, 7
List the prime factors of 3/6*-3*(-93676)/33.
2, 2129
Suppose -3*p + g + 0 = -3, 5*p + 3*g = 19. Suppose -p = 2*v, 893 = 5*i - 0*v - 3*v. What are the prime factors of i?
2, 89
Suppose -9 + 19 = 2*g. Suppose 3*a - 982 = -g*h, -3*a + 2*a = 3*h - 590. What are the prime factors of h?
197
Let y be (-154)/33*(-3)/2. What are the prime factors of (7/147*y)/((-2)/(-3114))?
3, 173
Let i be (-1 - (-272)/24)*141. Suppose -2*d - 505 = -i. What are the prime factors of d?
2, 7, 17
Let d(f) = -322*f - 6332. List the prime factors of d(-158).
2, 3, 29
Let n(j) = -j**3 + 10*j**2 + 8*j + 5. Let q be n(11). List the prime factors of (-3 - 135/9)*q/1.
2, 3, 7
Suppose 5 = 3*d - 4, -b + d - 15 = 0. Suppose 4 = -2*n - 2*s, 2*n = n - 4*s - 14. List the prime factors of (796/8)/(n - b/(-8)).
199
What are the prime factors of (-109055)/(-6) + 105/630 + -4?
2, 7, 11, 59
Let h = 24 + -21. Suppose h*x = -p + 1025, 3*p - p = 4. What are the prime factors of x?
11, 31
Suppose -6656 = 4*k - 20*k. Let w = k - 68. What are the prime factors of w?
2, 3, 29
Suppose -3238*f + 564894 = -3139*f. What are the prime factors of f?
2, 3, 317
Let d be ((-4)/(-12))/((-8)/120). What are the prime factors of 2 + d + 43 + 2?
2, 3, 7
List the prime factors of (-477210)/(-6)*52/130.
2, 15907
Let z = -774 + 1285. Let u = 209 + z. List the prime factors of u.
2, 3, 5
Let v(y) = 2116*y + 555. List the prime factors of v(5).
5, 17, 131
Suppose 0 = 9*z - 519 + 294. Suppose 5*x - z = 0, 2444 = 4*b + 5*x - 5489. What are the prime factors of b?
3, 659
Suppose 12*c - 10*c - 40020 = -5*l, -9*l + 72033 = 3*c. List the prime factors of l.
2, 4001
Let x(i) = -15*i**2 - 1152*i + 42. What are the prime factors of x(-66)?
2, 3, 1789
Let x = -117 - -122. Let d(w) = 113*w - 75. What are the prime factors of d(x)?
2, 5, 7
Let a = -2357 - -3940. Let b = 2473 - a. What are the prime factors of b?
2, 5, 89
Let g be 7/(-70) + (-3109)/10. Let u = g - -561. What are the prime factors of u?
2, 5
List the prime factors of (27282/4)/((-1)/4*-2).
3, 4547
Suppose 0*i + 17*i = -17408. Let b = 16 - i. What are the prime factors of b?
2, 5, 13
Let w(i) = 3260*i - 133. List the prime factors of w(2).
3, 2129
Let p = 43 + -35. List the prime factors of (2/p)/(26/65416).
17, 37
Let l(z) = 3*z**2 + 2*z + 20. Let n be l(-12). Let g = n - 202. What are the prime factors of g?
2, 113
Let v = -10121 - -16872. What are the prime factors of v?
43, 157
List the prime factors of (20 + (-774)/36)/((-6)/52120).
2, 5, 1303
Suppose 4*m - 14 + 2 = 0. Suppose -s + 8*l = m*l - 654, -s = -l - 658. What are the prime factors of s?
659
